Let l(p) = 3*p**3 + 3*p**2 - 6*p - 4. Suppose -2*u = 8, -3*j - 6*u = -u + 11. Let h be l(j). Suppose 28*t + h = 30*t. What are the prime factors of t?
43
Let o = -1003 + 587. Let f(u) = u**2 - 11*u + 14. Let k be f(9). What are the prime factors of ((-3)/k)/((-4)/o)?
2, 3, 13
Suppose 2*g = -4*r + 6*r + 6, -2*g - 3*r = -31. Suppose 2563 = g*b - 61. List the prime factors of b.
2, 41
Suppose 6*j - 3*j = z + 1806, -2*z - 3562 = 4*j. List the prime factors of -1 - z - (-24)/(-3).
2, 3, 11
What are the prime factors of (-8 - (-31 - 4))/((-5)/(-2165))?
3, 433
Let o(g) = -2207*g + 2346. List the prime factors of o(-5).
13381
Let c = -12085 - -17386. What are the prime factors of c?
3, 19, 31
Let i = -62 - -85. Let p = 76 - i. What are the prime factors of p?
53
Let v = 203 - 198. Suppose 4*k - v*w = 671, -3*w = 3*k - 0*w - 483. What are the prime factors of k?
2, 41
Suppose -v - 4*u - 37 = -0*v, 60 = -3*v + 5*u. Let c be -1 + -1 + v + 13. Let a(o) = -5*o - 14. What are the prime factors of a(c)?
2, 7
Suppose -18 = 15*p - 12*p. Let j be ((-186)/(-5))/(p/(-20)). Suppose -7 = -t + j. What are the prime factors of t?
131
Suppose -13*g = -9*g - 20. Suppose 0 = -t + g*t + c + 55, 3*c = -4*t - 53. List the prime factors of (-1336)/t + 6/(-14).
5, 19
Suppose 5*x - 55 = -5*i, 0*x - 3*x - 2*i = -31. Suppose x*f = 7*f. Suppose f = p - 50 - 33. What are the prime factors of p?
83
Suppose 108*v = -127*v + 29*v + 3486550. What are the prime factors of v?
5, 677
Let o(k) = 164*k**2 - 636*k + 6389. List the prime factors of o(10).
7, 2347
Let t(w) = 293*w - 71. Suppose -2*c - 15*m + 19 = -10*m, -5*c + 22 = 4*m. What are the prime factors of t(c)?
5, 103
Let l(j) = -143*j + 43. Let d be l(-4). Suppose 53 = 3*f + 11. Suppose f*v = 9*v + d. What are the prime factors of v?
3, 41
Let a(s) = -154*s + 138. Let x be a(0). Let r(f) = -f - 3. Let z be r(-5). Suppose 4*v + u + u - 282 = 0, -2*v + z*u = -x. What are the prime factors of v?
2, 5, 7
Let t be 8 + 13/((-78)/(-1458)). Let o = 132 - 247. Let k = t + o. List the prime factors of k.
2, 17
List the prime factors of (-3441)/(4/16 - 1).
2, 31, 37
Suppose -99 = -u - 0*p + 2*p, 282 = 3*u - 3*p. Suppose 157 = c - u. Let x = c + -133. What are the prime factors of x?
113
Let w(f) = 5*f. Let c(i) = -i + 17. Let k(l) = l - 17. Let u(t) = -3*c(t) - 4*k(t). Let h be u(10). What are the prime factors of w(h)?
5, 7
Let j = 402 + -260. Let u(s) = s**3 + 10*s**2 + 5. Let v be u(-10). Suppose 6*a + j = 3*k + a, -v*a + 170 = 5*k. List the prime factors of k.
3, 13
Suppose 15 = 6*f - 15. Suppose 0 = -f*t + 8 + 2. List the prime factors of (t + (-9)/2)*-50.
5
Suppose -1538*y = -1566*y + 736456. List the prime factors of y.
2, 13151
Let j = 164 - 215. Let t = 26 - -63. Let g = t + j. What are the prime factors of g?
2, 19
Suppose -142*b + 146*b = -528. Let t = b - -143. What are the prime factors of t?
11
Let c = -1202 + 4093. Suppose 0 = 6*x + x - c. List the prime factors of x.
7, 59
List the prime factors of (-4*(-138)/48 + -1)*(-19866)/(-9).
7, 11, 43
Let p = -185 - -107. Let m be 160/(-26) - 12/p. What are the prime factors of 84/18*m/(-4)?
7
Suppose -109*z + 1483 - 24999 = -111*z. What are the prime factors of z?
2, 5879
Let d = 3481 - -20628. What are the prime factors of d?
24109
Suppose -2*d - 14 = -4. List the prime factors of (32/12*-3 - d) + 74.
71
What are the prime factors of 299/(-78) + 4 + (9025/6)/5?
7, 43
Let l = 62 + -67. List the prime factors of 3471/15 - (-2)/l.
3, 7, 11
Suppose 3*k = -50*u + 47*u + 25596, k = 5*u - 42678. List the prime factors of u.
3, 5, 569
Let b(y) be the second derivative of y**7/280 + y**6/180 + y**5/40 - 3*y**4/2 + 15*y. Let f(t) be the third derivative of b(t). List the prime factors of f(3).
2, 3
List the prime factors of 130/(-20) - (-668880)/32.
2, 653
Suppose -5*w + 185 = 5*o, 0 = 5*w - 8*o + 10*o - 194. What are the prime factors of (1050/8 - 0)*(-36 + w)?
3, 5, 7
Let y(w) = 115*w - 410. List the prime factors of y(4).
2, 5
Suppose -s + 4*l = -17235, -2*s + 6*s - l = 68925. List the prime factors of s.
17231
Suppose -29 + 14 = -o. Let c be 78/o + -5 - (-39)/5. List the prime factors of c/(-10)*(372/(-8) + 4).
2, 17
Let p = -1484 - -1475. Let k(a) = a**3 + 7*a**2 + 9*a + 5. Let t(c) = -c**2 - c - 1. Let z(q) = k(q) - 5*t(q). What are the prime factors of z(p)?
127
List the prime factors of (2 + -38)*(-17)/((-102)/(-288)).
2, 3
Let y(u) = -u**3 - 17*u**2 - 5*u - 31. Let h(k) = -k**3 - 15*k**2 - 7*k - 31. Let t(c) = 5*h(c) - 4*y(c). List the prime factors of t(-7).
2, 37
Let n be (-15)/(-315)*-6 + (-695)/(-7). Suppose -5*u = -1689 + n. What are the prime factors of u?
2, 3, 53
Let o be -5*(4 + (-64)/20) - -1996. Let q = -1089 + o. Suppose -4*d = 2*z - 5*z - q, 3*d - 671 = -4*z. List the prime factors of d.
3, 5
Suppose a = 3*j - 4*j + 283, -j = 3*a - 857. Let g = -172 + a. List the prime factors of g.
5, 23
Let l = 14473 - 5527. What are the prime factors of l?
2, 3, 7, 71
Let u(r) = 2*r**2 + 3*r + 2. Let d be u(-2). Let z be 6/(-9)*9 + 8. Suppose 0 = -l + d*l - z*b - 17, l = -3*b + 13. List the prime factors of l.
7
Suppose m - 3*r = -5*r + 6345, -2*r - 31761 = -5*m. What are the prime factors of m?
3, 29, 73
Suppose 51882 = 2*f - 2*d, -103560 = -4*f + 3*d + 207. List the prime factors of f.
2, 3, 23, 47
Let x = -38111 + 67274. What are the prime factors of x?
3, 9721
Suppose -11193 = 345*c - 346*c + 5*o, 40 = -5*o. What are the prime factors of c?
19, 587
Let i(p) = -218*p - 2629. What are the prime factors of i(-38)?
3, 5, 13, 29
Let p(r) = -8 - 4*r**2 + 0*r - 4*r + 3*r**2 + 13. Let h be p(-7). What are the prime factors of ((h/4)/8)/(2/(-204))?
3, 17
Let n = 58253 + -40701. List the prime factors of n.
2, 1097
Suppose -2*y - 8 = 0, -4*i = -y - 238016 + 70276. What are the prime factors of i?
2, 3, 29, 241
Let d = 108 - 103. Suppose 3*p - 2*k - 8 = 0, -p - d*k = -5*p + 6. Suppose -p*x + 668 = 5*m, -2*x + x = m - 134. List the prime factors of m.
2, 3, 11
Let v(l) = -9*l**2 + 23*l + 18. Let x(z) = -5*z**2 + 12*z + 9. Let w(i) = 6*v(i) - 11*x(i). Let r be w(-7). Let f = 29 + r. List the prime factors of f.
3, 5
List the prime factors of -3 + 35013 + (-12 - 52/(-4)).
157, 223
Let d(w) = 203*w - 81. Let j be 2/4 - (72/(-16))/1. List the prime factors of d(j).
2, 467
Let i be -1*2 - (-13 + 34). Let g = 20 + i. List the prime factors of (-1)/(g + (-3400)/(-1135)).
227
Let v(s) = -s**2 - 8*s + 6. Let b be v(-8). Suppose -2*k + 10 - b = 0. Suppose 4*l + 4 = 0, d - 47 = -k*l - l. What are the prime factors of d?
2, 5
Suppose 0 = -55*b + 51*b - 176. Let z = b + 63. Let t(v) = v**2 - 18*v + 27. What are the prime factors of t(z)?
2, 23
Let a(h) be the third derivative of -37*h**4/6 + 37*h**3/6 - 22*h**2. What are the prime factors of a(-4)?
17, 37
Suppose 97*x - 75*x = 65*x - 915083. List the prime factors of x.
13, 1637
Let w = 1209 - 732. Let a = -272 + w. List the prime factors of a.
5, 41
List the prime factors of 198 + 223 - ((-4)/8)/((-2)/(-12)).
2, 53
Suppose 2*s + s + 4*g = 8646, -2882 = -s + g. Let w = s - 1565. List the prime factors of w.
3, 439
Let x be (5/2)/((-10)/(-20)). Let k(y) = 2*y**2 - 2*y + 10. Let m be k(x). Suppose 189 = 5*h - 3*v, -h - 5*v + m - 1 = 0. List the prime factors of h.
3, 13
What are the prime factors of -5 - 153*((-28)/(-126) - (-1304)/(-9))?
22129
Let s = 92780 + -61517. What are the prime factors of s?
3, 17, 613
Suppose 5*r - 2*s = -4*s + 4524, 2*r = -5*s + 1797. Suppose -138 = 4*k - r. List the prime factors of k.
2, 3
Suppose 2*h - 4*y - 60 = 0, 2*h + y - 6*y = 60. Suppose -10*x - h = -13*x. What are the prime factors of x/15 - (-3 + 1002/(-9))?
5, 23
Let p = -147 + 212. Let t = p - 60. Suppose -t*s = -521 - 29. What are the prime factors of s?
2, 5, 11
Let y(a) = -8*a**2 + 27*a - 2. Let x(i) = -12*i**2 + 40*i - 3. Let w(b) = -5*x(b) + 7*y(b). List the prime factors of w(5).
2, 23
Suppose 1070 = 3*r - 5*m, 0 = 4*r - r + m - 1100. Let u = 70 + r. What are the prime factors of u?
3, 5, 29
What are the prime factors of 878218/51 - (-1912)/48756?
2, 3, 5, 7, 41
Let q(r) = 3*r**2 - 5*r - 4. Suppose 20*i - 20 = 16*i. What are the prime factors of q(i)?
2, 23
Let h(r) = -2*r**2 + 17*r - 18. Let i be h(9). Let s = 52 + i. Suppose -u + s = -40. List the prime